{"id":49,"date":"2026-02-17T20:15:21","date_gmt":"2026-02-17T19:15:21","guid":{"rendered":"https:\/\/sklep.abiz-grudziadz.pl\/?page_id=49"},"modified":"2026-02-18T13:34:47","modified_gmt":"2026-02-18T12:34:47","slug":"o-nas","status":"publish","type":"page","link":"https:\/\/sklep.abiz-grudziadz.pl\/index.php\/o-nas\/","title":{"rendered":"O nas"},"content":{"rendered":"<p>Witamy w Abiz \u2013 Twoim zaufanym sklepie z artyku\u0142ami biurowymi w Grudzi\u0105dzu. Nasza firma zosta\u0142a za\u0142o\u017cona w 1989 roku, kiedy to, jako lokalny przedsi\u0119biorca, zacz\u0105\u0142em dostarcza\u0107 najwy\u017cszej jako\u015bci artyku\u0142y biurowe do firm i instytucji w naszym mie\u015bcie. Od ponad trzech dekad nieprzerwanie dostarczamy produkty, kt\u00f3re wspieraj\u0105 codzienn\u0105 prac\u0119 biurow\u0105 naszych klient\u00f3w. Dzi\u015b, wychodz\u0105c naprzeciw oczekiwaniom, rozszerzyli\u015bmy nasz\u0105 dzia\u0142alno\u015b\u0107 o sklep internetowy, dzi\u0119ki czemu mo\u017cesz wygodnie zamawia\u0107 nasze produkty z ka\u017cdego miejsca w Polsce. W Abiz \u0142\u0105czymy tradycj\u0119 z nowoczesno\u015bci\u0105 \u2013 oferujemy szeroki asortyment, fachowe doradztwo i zawsze najwy\u017csz\u0105 jako\u015b\u0107 obs\u0142ugi. Zapraszamy do wsp\u00f3\u0142pracy \u2013 Abiz to gwarancja zaufania i jako\u015bci od 1989 roku.<\/p>\n","protected":false},"excerpt":{"rendered":"<p>Witamy w Abiz \u2013 Twoim zaufanym sklepie z artyku\u0142ami biurowymi w Grudzi\u0105dzu. Nasza firma zosta\u0142a za\u0142o\u017cona w 1989 roku, kiedy&#8230;<\/p>\n","protected":false},"author":1,"featured_media":0,"parent":0,"menu_order":0,"comment_status":"closed","ping_status":"closed","template":"","meta":{"_uag_custom_page_level_css":"","footnotes":""},"class_list":["post-49","page","type-page","status-publish","hentry"],"uagb_featured_image_src":{"full":false,"thumbnail":false,"medium":false,"medium_large":false,"large":false,"1536x1536":false,"2048x2048":false,"woocommerce_thumbnail":false,"woocommerce_single":false,"woocommerce_gallery_thumbnail":false},"uagb_author_info":{"display_name":"admin","author_link":"https:\/\/sklep.abiz-grudziadz.pl\/index.php\/author\/admin\/"},"uagb_comment_info":0,"uagb_excerpt":"Witamy w Abiz \u2013 Twoim zaufanym sklepie z artyku\u0142ami biurowymi w Grudzi\u0105dzu. Nasza firma zosta\u0142a za\u0142o\u017cona w 1989 roku, kiedy...","_links":{"self":[{"href":"https:\/\/sklep.abiz-grudziadz.pl\/index.php\/wp-json\/wp\/v2\/pages\/49","targetHints":{"allow":["GET"]}}],"collection":[{"href":"https:\/\/sklep.abiz-grudziadz.pl\/index.php\/wp-json\/wp\/v2\/pages"}],"about":[{"href":"https:\/\/sklep.abiz-grudziadz.pl\/index.php\/wp-json\/wp\/v2\/types\/page"}],"author":[{"embeddable":true,"href":"https:\/\/sklep.abiz-grudziadz.pl\/index.php\/wp-json\/wp\/v2\/users\/1"}],"replies":[{"embeddable":true,"href":"https:\/\/sklep.abiz-grudziadz.pl\/index.php\/wp-json\/wp\/v2\/comments?post=49"}],"version-history":[{"count":4,"href":"https:\/\/sklep.abiz-grudziadz.pl\/index.php\/wp-json\/wp\/v2\/pages\/49\/revisions"}],"predecessor-version":[{"id":105,"href":"https:\/\/sklep.abiz-grudziadz.pl\/index.php\/wp-json\/wp\/v2\/pages\/49\/revisions\/105"}],"wp:attachment":[{"href":"https:\/\/sklep.abiz-grudziadz.pl\/index.php\/wp-json\/wp\/v2\/media?parent=49"}],"curies":[{"name":"wp","href":"https:\/\/api.w.org\/{rel}","templated":true}]}}